{"id":1537,"date":"2022-04-12T16:33:07","date_gmt":"2022-04-12T15:33:07","guid":{"rendered":"https:\/\/elsa-millet.com\/?page_id=1537"},"modified":"2025-11-07T16:46:17","modified_gmt":"2025-11-07T15:46:17","slug":"elsa-millet-enluminure","status":"publish","type":"page","link":"https:\/\/elsa-millet.com\/","title":{"rendered":"Accueil"},"content":{"rendered":"\n<h3>Bienvenue !<\/h3>\n\n\n\n<h1>Elsa Millet Enluminure | Calligraphie \u2022 Illustration | Nantes &#8211; Loire-Atlantique &#8211; Bretagne | Contact : 06 88 83 89 25 &#8211; 09 51 83 03 23 |<\/h1>\n\n\n\n<h2>Elsa Millet Enluminure | Calligraphie \u2022 Illustration | Nantes &#8211; Loire-Atlantique &#8211; Bretagne | Contact : 06 88 83 89 25 &#8211; 09 51 83 03 23 |.<\/h2>\n\n\n\n<figure class=\"wp-block-image size-large\"><img decoding=\"async\" loading=\"lazy\" width=\"2000\" height=\"890\" src=\"https:\/\/elsa-millet.com\/wp-content\/uploads\/2022\/12\/106740932_1687614654753241_6629892455301591716_n-2000x890.jpg\" alt=\"Elsa Millet Enluminure\" class=\"wp-image-2863\" srcset=\"https:\/\/elsa-millet.com\/wp-content\/uploads\/2022\/12\/106740932_1687614654753241_6629892455301591716_n-2000x890.jpg 2000w, https:\/\/elsa-millet.com\/wp-content\/uploads\/2022\/12\/106740932_1687614654753241_6629892455301591716_n-768x342.jpg 768w, https:\/\/elsa-millet.com\/wp-content\/uploads\/2022\/12\/106740932_1687614654753241_6629892455301591716_n-1536x683.jpg 1536w, https:\/\/elsa-millet.com\/wp-content\/uploads\/2022\/12\/106740932_1687614654753241_6629892455301591716_n-600x267.jpg 600w, https:\/\/elsa-millet.com\/wp-content\/uploads\/2022\/12\/106740932_1687614654753241_6629892455301591716_n-228x101.jpg 228w, https:\/\/elsa-millet.com\/wp-content\/uploads\/2022\/12\/106740932_1687614654753241_6629892455301591716_n.jpg 2048w\" sizes=\"(max-width: 2000px) 100vw, 2000px\" \/><figcaption class=\"wp-element-caption\">Enluminure Nantes Calligraphie Illustration<\/figcaption><\/figure>\n\n\n\n<p><a href=\"https:\/\/elsa-millet.com\/?page_id=772\">Enluminure Calligraphie Illustration<\/a> Faire-part mariage naissance parchemin Pigments Moyen-\u00e2ge M\u00e9di\u00e9val Livre d&rsquo;heures Anne de bretagne Jeanne de Belleville Nantes, Blain Loire-Atlantique, Bretagne Cours ateliers p\u00e9dagogiques <\/p>\n\n\n\n<p>Site web r\u00e9alis\u00e9 par <a href=\"https:\/\/www.fredericlafondcommunication.com\/\">Fr\u00e9d\u00e9ric Lafond Communication<\/a><\/p>\n","protected":false},"excerpt":{"rendered":"<p>Bienvenue ! Elsa Millet Enluminure | Calligraphie \u2022 Illustration | Nantes &#8211; Loire-Atlantique &#8211; Bretagne | Contact : 06 88 83 89 25 &#8211; 09 51 83 03 23 | Elsa Millet Enluminure | Calligraphie \u2022 Illustration | Nantes &#8211; Loire-Atlantique &#8211; Bretagne | Contact : 06 88 83 89 25 &#8211; 09 51 83 [&hellip;]<\/p>\n","protected":false},"author":4,"featured_media":0,"parent":0,"menu_order":0,"comment_status":"closed","ping_status":"closed","template":"template\/template-business.php","meta":[],"yoast_head":"<!-- This site is optimized with the Yoast SEO plugin v20.2.1 - https:\/\/yoast.com\/wordpress\/plugins\/seo\/ -->\n<title>Elsa Millet Enluminure | Accueil -<\/title>\n<meta name=\"description\" content=\"Elsa Millet Enluminure | Calligraphie \u2022 Illustration | Nantes - Loire-Atlantique - Bretagne | Contact : 06 88 83 89 25 - 09 51 83 03 23 |\" \/>\n<meta name=\"robots\" content=\"index, follow, max-snippet:-1, max-image-preview:large, max-video-preview:-1\" \/>\n<link rel=\"canonical\" href=\"https:\/\/elsa-millet.com\/\" \/>\n<meta property=\"og:locale\" content=\"fr_FR\" \/>\n<meta property=\"og:type\" content=\"article\" \/>\n<meta property=\"og:title\" content=\"Elsa Millet Enluminure | Accueil -\" \/>\n<meta property=\"og:description\" content=\"Elsa Millet Enluminure | Calligraphie \u2022 Illustration | Nantes - Loire-Atlantique - Bretagne | Contact : 06 88 83 89 25 - 09 51 83 03 23 |\" \/>\n<meta property=\"og:url\" content=\"https:\/\/elsa-millet.com\/\" \/>\n<meta property=\"article:modified_time\" content=\"2025-11-07T15:46:17+00:00\" \/>\n<meta property=\"og:image\" content=\"https:\/\/elsa-millet.com\/wp-content\/uploads\/2022\/12\/106740932_1687614654753241_6629892455301591716_n-2000x890.jpg\" \/>\n<meta name=\"twitter:card\" content=\"summary_large_image\" \/>\n<meta name=\"twitter:label1\" content=\"Dur\u00e9e de lecture estim\u00e9e\" \/>\n\t<meta name=\"twitter:data1\" content=\"1 minute\" \/>\n<script type=\"application\/ld+json\" class=\"yoast-schema-graph\">{\"@context\":\"https:\/\/schema.org\",\"@graph\":[{\"@type\":\"WebPage\",\"@id\":\"https:\/\/elsa-millet.com\/\",\"url\":\"https:\/\/elsa-millet.com\/\",\"name\":\"Elsa Millet Enluminure | Accueil -\",\"isPartOf\":{\"@id\":\"https:\/\/elsa-millet.com\/#website\"},\"datePublished\":\"2022-04-12T15:33:07+00:00\",\"dateModified\":\"2025-11-07T15:46:17+00:00\",\"description\":\"Elsa Millet Enluminure | Calligraphie \u2022 Illustration | Nantes - Loire-Atlantique - Bretagne | Contact : 06 88 83 89 25 - 09 51 83 03 23 |\",\"breadcrumb\":{\"@id\":\"https:\/\/elsa-millet.com\/#breadcrumb\"},\"inLanguage\":\"fr-FR\",\"potentialAction\":[{\"@type\":\"ReadAction\",\"target\":[\"https:\/\/elsa-millet.com\/\"]}]},{\"@type\":\"BreadcrumbList\",\"@id\":\"https:\/\/elsa-millet.com\/#breadcrumb\",\"itemListElement\":[{\"@type\":\"ListItem\",\"position\":1,\"name\":\"Accueil\",\"item\":\"https:\/\/elsa-millet.com\/\"},{\"@type\":\"ListItem\",\"position\":2,\"name\":\"Accueil\"}]},{\"@type\":\"WebSite\",\"@id\":\"https:\/\/elsa-millet.com\/#website\",\"url\":\"https:\/\/elsa-millet.com\/\",\"name\":\"Elsa Millet Enluminure\",\"description\":\"\",\"potentialAction\":[{\"@type\":\"SearchAction\",\"target\":{\"@type\":\"EntryPoint\",\"urlTemplate\":\"https:\/\/elsa-millet.com\/?s={search_term_string}\"},\"query-input\":\"required name=search_term_string\"}],\"inLanguage\":\"fr-FR\"}]}<\/script>\n<!-- \/ Yoast SEO plugin. -->","yoast_head_json":{"title":"Elsa Millet Enluminure | Accueil -","description":"Elsa Millet Enluminure | Calligraphie \u2022 Illustration | Nantes - Loire-Atlantique - Bretagne | Contact : 06 88 83 89 25 - 09 51 83 03 23 |","robots":{"index":"index","follow":"follow","max-snippet":"max-snippet:-1","max-image-preview":"max-image-preview:large","max-video-preview":"max-video-preview:-1"},"canonical":"https:\/\/elsa-millet.com\/","og_locale":"fr_FR","og_type":"article","og_title":"Elsa Millet Enluminure | Accueil -","og_description":"Elsa Millet Enluminure | Calligraphie \u2022 Illustration | Nantes - Loire-Atlantique - Bretagne | Contact : 06 88 83 89 25 - 09 51 83 03 23 |","og_url":"https:\/\/elsa-millet.com\/","article_modified_time":"2025-11-07T15:46:17+00:00","og_image":[{"url":"https:\/\/elsa-millet.com\/wp-content\/uploads\/2022\/12\/106740932_1687614654753241_6629892455301591716_n-2000x890.jpg"}],"twitter_card":"summary_large_image","twitter_misc":{"Dur\u00e9e de lecture estim\u00e9e":"1 minute"},"schema":{"@context":"https:\/\/schema.org","@graph":[{"@type":"WebPage","@id":"https:\/\/elsa-millet.com\/","url":"https:\/\/elsa-millet.com\/","name":"Elsa Millet Enluminure | Accueil -","isPartOf":{"@id":"https:\/\/elsa-millet.com\/#website"},"datePublished":"2022-04-12T15:33:07+00:00","dateModified":"2025-11-07T15:46:17+00:00","description":"Elsa Millet Enluminure | Calligraphie \u2022 Illustration | Nantes - Loire-Atlantique - Bretagne | Contact : 06 88 83 89 25 - 09 51 83 03 23 |","breadcrumb":{"@id":"https:\/\/elsa-millet.com\/#breadcrumb"},"inLanguage":"fr-FR","potentialAction":[{"@type":"ReadAction","target":["https:\/\/elsa-millet.com\/"]}]},{"@type":"BreadcrumbList","@id":"https:\/\/elsa-millet.com\/#breadcrumb","itemListElement":[{"@type":"ListItem","position":1,"name":"Accueil","item":"https:\/\/elsa-millet.com\/"},{"@type":"ListItem","position":2,"name":"Accueil"}]},{"@type":"WebSite","@id":"https:\/\/elsa-millet.com\/#website","url":"https:\/\/elsa-millet.com\/","name":"Elsa Millet Enluminure","description":"","potentialAction":[{"@type":"SearchAction","target":{"@type":"EntryPoint","urlTemplate":"https:\/\/elsa-millet.com\/?s={search_term_string}"},"query-input":"required name=search_term_string"}],"inLanguage":"fr-FR"}]}},"_links":{"self":[{"href":"https:\/\/elsa-millet.com\/index.php?rest_route=\/wp\/v2\/pages\/1537"}],"collection":[{"href":"https:\/\/elsa-millet.com\/index.php?rest_route=\/wp\/v2\/pages"}],"about":[{"href":"https:\/\/elsa-millet.com\/index.php?rest_route=\/wp\/v2\/types\/page"}],"author":[{"embeddable":true,"href":"https:\/\/elsa-millet.com\/index.php?rest_route=\/wp\/v2\/users\/4"}],"replies":[{"embeddable":true,"href":"https:\/\/elsa-millet.com\/index.php?rest_route=%2Fwp%2Fv2%2Fcomments&post=1537"}],"version-history":[{"count":159,"href":"https:\/\/elsa-millet.com\/index.php?rest_route=\/wp\/v2\/pages\/1537\/revisions"}],"predecessor-version":[{"id":2902,"href":"https:\/\/elsa-millet.com\/index.php?rest_route=\/wp\/v2\/pages\/1537\/revisions\/2902"}],"wp:attachment":[{"href":"https:\/\/elsa-millet.com\/index.php?rest_route=%2Fwp%2Fv2%2Fmedia&parent=1537"}],"curies":[{"name":"wp","href":"https:\/\/api.w.org\/{rel}","templated":true}]}}