{"id":2827,"date":"2022-12-22T10:08:51","date_gmt":"2022-12-22T09:08:51","guid":{"rendered":"https:\/\/elsa-millet.com\/?page_id=2827"},"modified":"2026-01-16T10:28:34","modified_gmt":"2026-01-16T09:28:34","slug":"stages-ponctuels","status":"publish","type":"page","link":"https:\/\/elsa-millet.com\/?page_id=2827","title":{"rendered":"Stages ponctuels"},"content":{"rendered":"\n<figure class=\"wp-block-image size-full is-resized\"><img decoding=\"async\" loading=\"lazy\" src=\"https:\/\/elsa-millet.com\/wp-content\/uploads\/2022\/12\/cours-ateliers-1536x235-1-768x118-1.png\" alt=\"\" class=\"wp-image-2834\" width=\"768\" height=\"118\" srcset=\"https:\/\/elsa-millet.com\/wp-content\/uploads\/2022\/12\/cours-ateliers-1536x235-1-768x118-1.png 768w, https:\/\/elsa-millet.com\/wp-content\/uploads\/2022\/12\/cours-ateliers-1536x235-1-768x118-1-600x92.png 600w, https:\/\/elsa-millet.com\/wp-content\/uploads\/2022\/12\/cours-ateliers-1536x235-1-768x118-1-228x35.png 228w\" sizes=\"(max-width: 768px) 100vw, 768px\" \/><\/figure>\n\n\n\n<p> <\/p>\n\n\n\n<p><\/p>\n\n\n\n<p><strong>&gt;&gt; Ile de Nantes&nbsp;: 12 rue Anatole de Monzie &#8211; 44200 Nantes<\/strong><br><br>Calligraphie&nbsp;: 120 \u20ac \/ 2 jours &#8211; 9h30 \u00e0 17h30.<br>Enluminure&nbsp;: 150 \u20ac \/ 2 jours &#8211; 9h \u00e0 18h.<br>Calligraphie ET Enluminure : 220 \u20ac \/ 3 jours &#8211; 9h30 \u00e0 18h.<br>Mat\u00e9riel fourni, tous niveaux.<br>Pour les adolescents&nbsp;: me contacter.<br>Lieu&nbsp;: Association Mangin Ile Beaulieu &#8211; 12 rue Anatole de Monzie &#8211; 44200 Nantes.<\/p>\n\n\n\n<p>Inscriptions par courriel ou t\u00e9l\u00e9phone.<br><\/p>\n\n\n\n<p><strong>Programmation Stages 1er semestre 2026 :<\/strong><br> <\/p>\n\n\n\n<ul>\n<li><strong>31 janvier &amp; 1er f\u00e9vrier &#8211; Enluminure<\/strong><br>Marge \u00e0 feuilles de lierre<br>Typiques de la p\u00e9riode gothique, les rinceaux \u00e0 feuilles de lierre sont des motifs dor\u00e9s et foisonnants ornant les marges des manuscrits. Ils entoureront un petit sujet type dr\u00f4lerie, personnage, ou animal&#8230;<\/li>\n<\/ul>\n\n\n\n<ul>\n<li><strong>14 &amp; 15 mars &#8211; Enluminure<\/strong><br>Venise !<br>Un masque de carnaval aux airs baroques se pr\u00eate fantastiquement bien aux techniques de l&rsquo;enluminure&#8230; avec de l&rsquo;or, bien s\u00fbr !<\/li>\n<\/ul>\n\n\n\n<ul>\n<li><strong>4, 5 &amp; 6 avril (P\u00e2ques) &#8211; Calligraphie ET Enluminure<\/strong><br>Zodiaque<br>Apr\u00e8s entra\u00eenement sur une \u00e9criture m\u00e9di\u00e9vale et trac\u00e9 d&rsquo;un tableau circulaire, vous calligraphierez les noms des 12 signes du zodiaque et des 12 mois, en latin, comme il est d&rsquo;usage \u00e0 l&rsquo;\u00e9poque. Puis, apr\u00e8s un peu de feuille d&rsquo;or, vous peindrez les 12 (petites) figures astrologiques.<\/li>\n<\/ul>\n\n\n\n<ul>\n<li><strong>30 &amp; 31 mai &#8211; Enluminure<\/strong><br>Hermine aux rinceaux<br>Petite b\u00eate en robe blanche, avec des techniques gothiques (feuille d&rsquo;or, fond \u00e0 rinceaux, d\u00e9grad\u00e9s) et une posture un peu modernis\u00e9e.<br><br><\/li>\n\n\n\n<li><strong>27 &amp; 28 juin &#8211; Enluminure<\/strong><br>Rose des vents<br>Vous tracerez et peindrez une Rose des Vents, avec ses lignes de vents (et de l&rsquo;or \u00e9videmment !), d&rsquo;apr\u00e8s un mod\u00e8le historique tir\u00e9 d&rsquo;une carte marine du XV\u00e8me ou XVI\u00e8me si\u00e8cle.<\/li>\n<\/ul>\n\n\n<div class=\"wp-block-image\">\n<figure class=\"aligncenter size-large\"><img decoding=\"async\" loading=\"lazy\" width=\"2000\" height=\"1500\" src=\"https:\/\/elsa-millet.com\/wp-content\/uploads\/2022\/12\/Eleve2-2000x1500.jpg\" alt=\"\" class=\"wp-image-2874\" srcset=\"https:\/\/elsa-millet.com\/wp-content\/uploads\/2022\/12\/Eleve2-2000x1500.jpg 2000w, https:\/\/elsa-millet.com\/wp-content\/uploads\/2022\/12\/Eleve2-768x576.jpg 768w, https:\/\/elsa-millet.com\/wp-content\/uploads\/2022\/12\/Eleve2-1536x1152.jpg 1536w, https:\/\/elsa-millet.com\/wp-content\/uploads\/2022\/12\/Eleve2-2048x1536.jpg 2048w, https:\/\/elsa-millet.com\/wp-content\/uploads\/2022\/12\/Eleve2-600x450.jpg 600w, https:\/\/elsa-millet.com\/wp-content\/uploads\/2022\/12\/Eleve2-155x116.jpg 155w\" sizes=\"(max-width: 2000px) 100vw, 2000px\" \/><\/figure><\/div>","protected":false},"excerpt":{"rendered":"<p>&gt;&gt; Ile de Nantes&nbsp;: 12 rue Anatole de Monzie &#8211; 44200 Nantes Calligraphie&nbsp;: 120 \u20ac \/ 2 jours &#8211; 9h30 \u00e0 17h30.Enluminure&nbsp;: 150 \u20ac \/ 2 jours &#8211; 9h \u00e0 18h.Calligraphie ET Enluminure : 220 \u20ac \/ 3 jours &#8211; 9h30 \u00e0 18h.Mat\u00e9riel fourni, tous niveaux.Pour les adolescents&nbsp;: me contacter.Lieu&nbsp;: Association Mangin Ile Beaulieu &#8211; [&hellip;]<\/p>\n","protected":false},"author":4,"featured_media":0,"parent":0,"menu_order":0,"comment_status":"closed","ping_status":"closed","template":"","meta":[],"yoast_head":"<!-- This site is optimized with the Yoast SEO plugin v20.2.1 - https:\/\/yoast.com\/wordpress\/plugins\/seo\/ -->\n<title>Stages ponctuels -<\/title>\n<meta name=\"robots\" content=\"index, follow, max-snippet:-1, max-image-preview:large, max-video-preview:-1\" \/>\n<link rel=\"canonical\" href=\"https:\/\/elsa-millet.com\/?page_id=2827\" \/>\n<meta property=\"og:locale\" content=\"fr_FR\" \/>\n<meta property=\"og:type\" content=\"article\" \/>\n<meta property=\"og:title\" content=\"Stages ponctuels -\" \/>\n<meta property=\"og:description\" content=\"&gt;&gt; Ile de Nantes&nbsp;: 12 rue Anatole de Monzie &#8211; 44200 Nantes Calligraphie&nbsp;: 120 \u20ac \/ 2 jours &#8211; 9h30 \u00e0 17h30.Enluminure&nbsp;: 150 \u20ac \/ 2 jours &#8211; 9h \u00e0 18h.Calligraphie ET Enluminure : 220 \u20ac \/ 3 jours &#8211; 9h30 \u00e0 18h.Mat\u00e9riel fourni, tous niveaux.Pour les adolescents&nbsp;: me contacter.Lieu&nbsp;: Association Mangin Ile Beaulieu &#8211; [&hellip;]\" \/>\n<meta property=\"og:url\" content=\"https:\/\/elsa-millet.com\/?page_id=2827\" \/>\n<meta property=\"article:modified_time\" content=\"2026-01-16T09:28:34+00:00\" \/>\n<meta property=\"og:image\" content=\"https:\/\/elsa-millet.com\/wp-content\/uploads\/2022\/12\/cours-ateliers-1536x235-1-768x118-1.png\" \/>\n<meta name=\"twitter:card\" content=\"summary_large_image\" \/>\n<meta name=\"twitter:label1\" content=\"Dur\u00e9e de lecture estim\u00e9e\" \/>\n\t<meta name=\"twitter:data1\" content=\"2 minutes\" \/>\n<script type=\"application\/ld+json\" class=\"yoast-schema-graph\">{\"@context\":\"https:\/\/schema.org\",\"@graph\":[{\"@type\":\"WebPage\",\"@id\":\"https:\/\/elsa-millet.com\/?page_id=2827\",\"url\":\"https:\/\/elsa-millet.com\/?page_id=2827\",\"name\":\"Stages ponctuels -\",\"isPartOf\":{\"@id\":\"https:\/\/elsa-millet.com\/#website\"},\"datePublished\":\"2022-12-22T09:08:51+00:00\",\"dateModified\":\"2026-01-16T09:28:34+00:00\",\"breadcrumb\":{\"@id\":\"https:\/\/elsa-millet.com\/?page_id=2827#breadcrumb\"},\"inLanguage\":\"fr-FR\",\"potentialAction\":[{\"@type\":\"ReadAction\",\"target\":[\"https:\/\/elsa-millet.com\/?page_id=2827\"]}]},{\"@type\":\"BreadcrumbList\",\"@id\":\"https:\/\/elsa-millet.com\/?page_id=2827#breadcrumb\",\"itemListElement\":[{\"@type\":\"ListItem\",\"position\":1,\"name\":\"Accueil\",\"item\":\"https:\/\/elsa-millet.com\/\"},{\"@type\":\"ListItem\",\"position\":2,\"name\":\"Stages ponctuels\"}]},{\"@type\":\"WebSite\",\"@id\":\"https:\/\/elsa-millet.com\/#website\",\"url\":\"https:\/\/elsa-millet.com\/\",\"name\":\"Elsa Millet Enluminure\",\"description\":\"\",\"potentialAction\":[{\"@type\":\"SearchAction\",\"target\":{\"@type\":\"EntryPoint\",\"urlTemplate\":\"https:\/\/elsa-millet.com\/?s={search_term_string}\"},\"query-input\":\"required name=search_term_string\"}],\"inLanguage\":\"fr-FR\"}]}<\/script>\n<!-- \/ Yoast SEO plugin. -->","yoast_head_json":{"title":"Stages ponctuels -","robots":{"index":"index","follow":"follow","max-snippet":"max-snippet:-1","max-image-preview":"max-image-preview:large","max-video-preview":"max-video-preview:-1"},"canonical":"https:\/\/elsa-millet.com\/?page_id=2827","og_locale":"fr_FR","og_type":"article","og_title":"Stages ponctuels -","og_description":"&gt;&gt; Ile de Nantes&nbsp;: 12 rue Anatole de Monzie &#8211; 44200 Nantes Calligraphie&nbsp;: 120 \u20ac \/ 2 jours &#8211; 9h30 \u00e0 17h30.Enluminure&nbsp;: 150 \u20ac \/ 2 jours &#8211; 9h \u00e0 18h.Calligraphie ET Enluminure : 220 \u20ac \/ 3 jours &#8211; 9h30 \u00e0 18h.Mat\u00e9riel fourni, tous niveaux.Pour les adolescents&nbsp;: me contacter.Lieu&nbsp;: Association Mangin Ile Beaulieu &#8211; [&hellip;]","og_url":"https:\/\/elsa-millet.com\/?page_id=2827","article_modified_time":"2026-01-16T09:28:34+00:00","og_image":[{"url":"https:\/\/elsa-millet.com\/wp-content\/uploads\/2022\/12\/cours-ateliers-1536x235-1-768x118-1.png"}],"twitter_card":"summary_large_image","twitter_misc":{"Dur\u00e9e de lecture estim\u00e9e":"2 minutes"},"schema":{"@context":"https:\/\/schema.org","@graph":[{"@type":"WebPage","@id":"https:\/\/elsa-millet.com\/?page_id=2827","url":"https:\/\/elsa-millet.com\/?page_id=2827","name":"Stages ponctuels -","isPartOf":{"@id":"https:\/\/elsa-millet.com\/#website"},"datePublished":"2022-12-22T09:08:51+00:00","dateModified":"2026-01-16T09:28:34+00:00","breadcrumb":{"@id":"https:\/\/elsa-millet.com\/?page_id=2827#breadcrumb"},"inLanguage":"fr-FR","potentialAction":[{"@type":"ReadAction","target":["https:\/\/elsa-millet.com\/?page_id=2827"]}]},{"@type":"BreadcrumbList","@id":"https:\/\/elsa-millet.com\/?page_id=2827#breadcrumb","itemListElement":[{"@type":"ListItem","position":1,"name":"Accueil","item":"https:\/\/elsa-millet.com\/"},{"@type":"ListItem","position":2,"name":"Stages ponctuels"}]},{"@type":"WebSite","@id":"https:\/\/elsa-millet.com\/#website","url":"https:\/\/elsa-millet.com\/","name":"Elsa Millet Enluminure","description":"","potentialAction":[{"@type":"SearchAction","target":{"@type":"EntryPoint","urlTemplate":"https:\/\/elsa-millet.com\/?s={search_term_string}"},"query-input":"required name=search_term_string"}],"inLanguage":"fr-FR"}]}},"_links":{"self":[{"href":"https:\/\/elsa-millet.com\/index.php?rest_route=\/wp\/v2\/pages\/2827"}],"collection":[{"href":"https:\/\/elsa-millet.com\/index.php?rest_route=\/wp\/v2\/pages"}],"about":[{"href":"https:\/\/elsa-millet.com\/index.php?rest_route=\/wp\/v2\/types\/page"}],"author":[{"embeddable":true,"href":"https:\/\/elsa-millet.com\/index.php?rest_route=\/wp\/v2\/users\/4"}],"replies":[{"embeddable":true,"href":"https:\/\/elsa-millet.com\/index.php?rest_route=%2Fwp%2Fv2%2Fcomments&post=2827"}],"version-history":[{"count":29,"href":"https:\/\/elsa-millet.com\/index.php?rest_route=\/wp\/v2\/pages\/2827\/revisions"}],"predecessor-version":[{"id":2991,"href":"https:\/\/elsa-millet.com\/index.php?rest_route=\/wp\/v2\/pages\/2827\/revisions\/2991"}],"wp:attachment":[{"href":"https:\/\/elsa-millet.com\/index.php?rest_route=%2Fwp%2Fv2%2Fmedia&parent=2827"}],"curies":[{"name":"wp","href":"https:\/\/api.w.org\/{rel}","templated":true}]}}