{"id":6,"date":"2010-10-18T20:31:55","date_gmt":"2010-10-18T19:31:55","guid":{"rendered":"http:\/\/paul.raingeard.free.fr\/wordpress-elsa\/?page_id=2"},"modified":"2023-02-16T09:30:24","modified_gmt":"2023-02-16T08:30:24","slug":"a-propos","status":"publish","type":"page","link":"https:\/\/elsa-millet.com\/?page_id=6","title":{"rendered":"Contact"},"content":{"rendered":"\n<figure class=\"wp-block-image size-full is-resized\"><img decoding=\"async\" loading=\"lazy\" src=\"https:\/\/elsa-millet.com\/wp-content\/uploads\/2022\/11\/contact-600x157-1.png\" alt=\"\" class=\"wp-image-2598\" width=\"450\" height=\"118\" srcset=\"https:\/\/elsa-millet.com\/wp-content\/uploads\/2022\/11\/contact-600x157-1.png 600w, https:\/\/elsa-millet.com\/wp-content\/uploads\/2022\/11\/contact-600x157-1-228x60.png 228w\" sizes=\"(max-width: 450px) 100vw, 450px\" \/><\/figure>\n\n\n\n<p>Le formulaire de contact a&#8230; un faux contact ! Le temps de la r\u00e9paration, vous pouvez m&rsquo;\u00e9crire \u00e0 elsamillet44@yahoo.fr<\/p>\n\n\n\n<form  class=\"kaliforms-form-container bootstrap-wrapper rounded-borders \" data-form-id=\"1536\" style=\"opacity:0\"><h3>\u00c9changeons ensemble sur votre projet<\/h3><div id=\"kaliforms-global-error-message-1536\" class=\"global-error-message\"><\/div><div class=\"row kali-form-field-row\"><div class=\"col-12 col-md-6 \"><label  for=\"first-name\">Nom <span class=\"kali-required-mark\">*<\/span><\/label><input  data-internal-id=\"textbox2\" type=\"text\" id=\"first-name\" name=\"Nom\" data-properties.type=\"text\" required ><\/div><div class=\"col-12 col-md-6 \"><label  for=\"last-name\">Pr\u00e9nom <span class=\"kali-required-mark\">*<\/span><\/label><input  data-internal-id=\"textbox3\" type=\"text\" id=\"last-name\" name=\"Pr\u00e9nom\" data-properties.type=\"text\" required ><\/div><\/div><div class=\"row kali-form-field-row\"><div class=\"col-12 col-md-12 \"><label  for=\"telephone7\">T\u00e9l\u00e9phone<\/label><input  data-internal-id=\"telephone7\" type=\"tel\" id=\"telephone7\" name=\"telephone\" data-format=\"free\"  class=\"input\"><\/div><\/div><div class=\"row kali-form-field-row\"><div class=\"col-12 col-md-12 \"><label  for=\"email\">Email <span class=\"kali-required-mark\">*<\/span><\/label><input  data-internal-id=\"textbox4\" type=\"text\" id=\"email\" name=\"email\" data-properties.type=\"text\" required ><\/div><\/div><div class=\"row kali-form-field-row\"><div class=\"col-12 col-md-12 \"><label  for=\"message\">Message <span class=\"kali-required-mark\">*<\/span><\/label><textarea  data-internal-id=\"textarea5\" type=\"textarea\" id=\"message\" name=\"message\"required  class=\"input\" rows=\"4\"><\/textarea><\/div><\/div><div class=\"row kali-form-field-row\"><div class=\"col-12 col-md-12 \"><input  data-internal-id=\"submitbutton6\" type=\"submit\" id=\"submit\" data-style=\"default\"  class=\"input\" value=\"Envoi\" ><\/div><\/div><!-- This form was built using Kali Forms --><\/form>\n\n\n\n<h2 class=\"has-text-align-center\">06 88 83 89 25 &#8211; 09 51 83 03 23<\/h2>\n","protected":false},"excerpt":{"rendered":"<p>Le formulaire de contact a&#8230; un faux contact ! Le temps de la r\u00e9paration, vous pouvez m&rsquo;\u00e9crire \u00e0 elsamillet44@yahoo.fr 06 88 83 89 25 &#8211; 09 51 83 03 23<\/p>\n","protected":false},"author":2,"featured_media":0,"parent":0,"menu_order":0,"comment_status":"closed","ping_status":"closed","template":"","meta":[],"yoast_head":"<!-- This site is optimized with the Yoast SEO plugin v20.2.1 - https:\/\/yoast.com\/wordpress\/plugins\/seo\/ -->\n<title>Contact -<\/title>\n<meta name=\"robots\" content=\"index, follow, max-snippet:-1, max-image-preview:large, max-video-preview:-1\" \/>\n<link rel=\"canonical\" href=\"https:\/\/elsa-millet.com\/?page_id=6\" \/>\n<meta property=\"og:locale\" content=\"fr_FR\" \/>\n<meta property=\"og:type\" content=\"article\" \/>\n<meta property=\"og:title\" content=\"Contact -\" \/>\n<meta property=\"og:description\" content=\"Le formulaire de contact a&#8230; un faux contact ! Le temps de la r\u00e9paration, vous pouvez m&rsquo;\u00e9crire \u00e0 elsamillet44@yahoo.fr 06 88 83 89 25 &#8211; 09 51 83 03 23\" \/>\n<meta property=\"og:url\" content=\"https:\/\/elsa-millet.com\/?page_id=6\" \/>\n<meta property=\"article:modified_time\" content=\"2023-02-16T08:30:24+00:00\" \/>\n<meta property=\"og:image\" content=\"https:\/\/elsa-millet.com\/wp-content\/uploads\/2022\/11\/contact-600x157-1.png\" \/>\n<meta name=\"twitter:card\" content=\"summary_large_image\" \/>\n<script type=\"application\/ld+json\" class=\"yoast-schema-graph\">{\"@context\":\"https:\/\/schema.org\",\"@graph\":[{\"@type\":\"WebPage\",\"@id\":\"https:\/\/elsa-millet.com\/?page_id=6\",\"url\":\"https:\/\/elsa-millet.com\/?page_id=6\",\"name\":\"Contact -\",\"isPartOf\":{\"@id\":\"https:\/\/elsa-millet.com\/#website\"},\"datePublished\":\"2010-10-18T19:31:55+00:00\",\"dateModified\":\"2023-02-16T08:30:24+00:00\",\"breadcrumb\":{\"@id\":\"https:\/\/elsa-millet.com\/?page_id=6#breadcrumb\"},\"inLanguage\":\"fr-FR\",\"potentialAction\":[{\"@type\":\"ReadAction\",\"target\":[\"https:\/\/elsa-millet.com\/?page_id=6\"]}]},{\"@type\":\"BreadcrumbList\",\"@id\":\"https:\/\/elsa-millet.com\/?page_id=6#breadcrumb\",\"itemListElement\":[{\"@type\":\"ListItem\",\"position\":1,\"name\":\"Accueil\",\"item\":\"https:\/\/elsa-millet.com\/\"},{\"@type\":\"ListItem\",\"position\":2,\"name\":\"Contact\"}]},{\"@type\":\"WebSite\",\"@id\":\"https:\/\/elsa-millet.com\/#website\",\"url\":\"https:\/\/elsa-millet.com\/\",\"name\":\"Elsa Millet Enluminure\",\"description\":\"\",\"potentialAction\":[{\"@type\":\"SearchAction\",\"target\":{\"@type\":\"EntryPoint\",\"urlTemplate\":\"https:\/\/elsa-millet.com\/?s={search_term_string}\"},\"query-input\":\"required name=search_term_string\"}],\"inLanguage\":\"fr-FR\"}]}<\/script>\n<!-- \/ Yoast SEO plugin. -->","yoast_head_json":{"title":"Contact -","robots":{"index":"index","follow":"follow","max-snippet":"max-snippet:-1","max-image-preview":"max-image-preview:large","max-video-preview":"max-video-preview:-1"},"canonical":"https:\/\/elsa-millet.com\/?page_id=6","og_locale":"fr_FR","og_type":"article","og_title":"Contact -","og_description":"Le formulaire de contact a&#8230; un faux contact ! Le temps de la r\u00e9paration, vous pouvez m&rsquo;\u00e9crire \u00e0 elsamillet44@yahoo.fr 06 88 83 89 25 &#8211; 09 51 83 03 23","og_url":"https:\/\/elsa-millet.com\/?page_id=6","article_modified_time":"2023-02-16T08:30:24+00:00","og_image":[{"url":"https:\/\/elsa-millet.com\/wp-content\/uploads\/2022\/11\/contact-600x157-1.png"}],"twitter_card":"summary_large_image","schema":{"@context":"https:\/\/schema.org","@graph":[{"@type":"WebPage","@id":"https:\/\/elsa-millet.com\/?page_id=6","url":"https:\/\/elsa-millet.com\/?page_id=6","name":"Contact -","isPartOf":{"@id":"https:\/\/elsa-millet.com\/#website"},"datePublished":"2010-10-18T19:31:55+00:00","dateModified":"2023-02-16T08:30:24+00:00","breadcrumb":{"@id":"https:\/\/elsa-millet.com\/?page_id=6#breadcrumb"},"inLanguage":"fr-FR","potentialAction":[{"@type":"ReadAction","target":["https:\/\/elsa-millet.com\/?page_id=6"]}]},{"@type":"BreadcrumbList","@id":"https:\/\/elsa-millet.com\/?page_id=6#breadcrumb","itemListElement":[{"@type":"ListItem","position":1,"name":"Accueil","item":"https:\/\/elsa-millet.com\/"},{"@type":"ListItem","position":2,"name":"Contact"}]},{"@type":"WebSite","@id":"https:\/\/elsa-millet.com\/#website","url":"https:\/\/elsa-millet.com\/","name":"Elsa Millet Enluminure","description":"","potentialAction":[{"@type":"SearchAction","target":{"@type":"EntryPoint","urlTemplate":"https:\/\/elsa-millet.com\/?s={search_term_string}"},"query-input":"required name=search_term_string"}],"inLanguage":"fr-FR"}]}},"_links":{"self":[{"href":"https:\/\/elsa-millet.com\/index.php?rest_route=\/wp\/v2\/pages\/6"}],"collection":[{"href":"https:\/\/elsa-millet.com\/index.php?rest_route=\/wp\/v2\/pages"}],"about":[{"href":"https:\/\/elsa-millet.com\/index.php?rest_route=\/wp\/v2\/types\/page"}],"author":[{"embeddable":true,"href":"https:\/\/elsa-millet.com\/index.php?rest_route=\/wp\/v2\/users\/2"}],"replies":[{"embeddable":true,"href":"https:\/\/elsa-millet.com\/index.php?rest_route=%2Fwp%2Fv2%2Fcomments&post=6"}],"version-history":[{"count":26,"href":"https:\/\/elsa-millet.com\/index.php?rest_route=\/wp\/v2\/pages\/6\/revisions"}],"predecessor-version":[{"id":2893,"href":"https:\/\/elsa-millet.com\/index.php?rest_route=\/wp\/v2\/pages\/6\/revisions\/2893"}],"wp:attachment":[{"href":"https:\/\/elsa-millet.com\/index.php?rest_route=%2Fwp%2Fv2%2Fmedia&parent=6"}],"curies":[{"name":"wp","href":"https:\/\/api.w.org\/{rel}","templated":true}]}}