{"id":772,"date":"2013-07-17T11:16:25","date_gmt":"2013-07-17T10:16:25","guid":{"rendered":"http:\/\/elsa-millet.com\/?page_id=772"},"modified":"2022-12-23T16:55:49","modified_gmt":"2022-12-23T15:55:49","slug":"evenementiel","status":"publish","type":"page","link":"https:\/\/elsa-millet.com\/?page_id=772","title":{"rendered":"\u00c9v\u00e9nementiel"},"content":{"rendered":"\n<figure class=\"wp-block-image size-full is-resized\"><img decoding=\"async\" loading=\"lazy\" src=\"https:\/\/elsa-millet.com\/wp-content\/uploads\/2022\/11\/evenementiel-768x149-1.png\" alt=\"\" class=\"wp-image-2594\" width=\"576\" height=\"112\" srcset=\"https:\/\/elsa-millet.com\/wp-content\/uploads\/2022\/11\/evenementiel-768x149-1.png 768w, https:\/\/elsa-millet.com\/wp-content\/uploads\/2022\/11\/evenementiel-768x149-1-600x116.png 600w, https:\/\/elsa-millet.com\/wp-content\/uploads\/2022\/11\/evenementiel-768x149-1-228x44.png 228w\" sizes=\"(max-width: 576px) 100vw, 576px\" \/><\/figure>\n\n\n\n<p class=\"has-text-align-center\"><strong>Page en cours d&rsquo;\u00e9laboration, merci de votre compr\u00e9hension !<\/strong><\/p>\n","protected":false},"excerpt":{"rendered":"<p>Page en cours d&rsquo;\u00e9laboration, merci de votre compr\u00e9hension !<\/p>\n","protected":false},"author":4,"featured_media":0,"parent":0,"menu_order":0,"comment_status":"closed","ping_status":"closed","template":"","meta":[],"yoast_head":"<!-- This site is optimized with the Yoast SEO plugin v20.2.1 - https:\/\/yoast.com\/wordpress\/plugins\/seo\/ -->\n<title>\u00c9v\u00e9nementiel -<\/title>\n<meta name=\"robots\" content=\"index, follow, max-snippet:-1, max-image-preview:large, max-video-preview:-1\" \/>\n<link rel=\"canonical\" href=\"https:\/\/elsa-millet.com\/?page_id=772\" \/>\n<meta property=\"og:locale\" content=\"fr_FR\" \/>\n<meta property=\"og:type\" content=\"article\" \/>\n<meta property=\"og:title\" content=\"\u00c9v\u00e9nementiel -\" \/>\n<meta property=\"og:description\" content=\"Page en cours d&rsquo;\u00e9laboration, merci de votre compr\u00e9hension !\" \/>\n<meta property=\"og:url\" content=\"https:\/\/elsa-millet.com\/?page_id=772\" \/>\n<meta property=\"article:modified_time\" content=\"2022-12-23T15:55:49+00:00\" \/>\n<meta property=\"og:image\" content=\"https:\/\/elsa-millet.com\/wp-content\/uploads\/2022\/11\/evenementiel-768x149-1.png\" \/>\n<meta name=\"twitter:card\" content=\"summary_large_image\" \/>\n<script type=\"application\/ld+json\" class=\"yoast-schema-graph\">{\"@context\":\"https:\/\/schema.org\",\"@graph\":[{\"@type\":\"WebPage\",\"@id\":\"https:\/\/elsa-millet.com\/?page_id=772\",\"url\":\"https:\/\/elsa-millet.com\/?page_id=772\",\"name\":\"\u00c9v\u00e9nementiel -\",\"isPartOf\":{\"@id\":\"https:\/\/elsa-millet.com\/#website\"},\"datePublished\":\"2013-07-17T10:16:25+00:00\",\"dateModified\":\"2022-12-23T15:55:49+00:00\",\"breadcrumb\":{\"@id\":\"https:\/\/elsa-millet.com\/?page_id=772#breadcrumb\"},\"inLanguage\":\"fr-FR\",\"potentialAction\":[{\"@type\":\"ReadAction\",\"target\":[\"https:\/\/elsa-millet.com\/?page_id=772\"]}]},{\"@type\":\"BreadcrumbList\",\"@id\":\"https:\/\/elsa-millet.com\/?page_id=772#breadcrumb\",\"itemListElement\":[{\"@type\":\"ListItem\",\"position\":1,\"name\":\"Accueil\",\"item\":\"https:\/\/elsa-millet.com\/\"},{\"@type\":\"ListItem\",\"position\":2,\"name\":\"\u00c9v\u00e9nementiel\"}]},{\"@type\":\"WebSite\",\"@id\":\"https:\/\/elsa-millet.com\/#website\",\"url\":\"https:\/\/elsa-millet.com\/\",\"name\":\"Elsa Millet Enluminure\",\"description\":\"\",\"potentialAction\":[{\"@type\":\"SearchAction\",\"target\":{\"@type\":\"EntryPoint\",\"urlTemplate\":\"https:\/\/elsa-millet.com\/?s={search_term_string}\"},\"query-input\":\"required name=search_term_string\"}],\"inLanguage\":\"fr-FR\"}]}<\/script>\n<!-- \/ Yoast SEO plugin. -->","yoast_head_json":{"title":"\u00c9v\u00e9nementiel -","robots":{"index":"index","follow":"follow","max-snippet":"max-snippet:-1","max-image-preview":"max-image-preview:large","max-video-preview":"max-video-preview:-1"},"canonical":"https:\/\/elsa-millet.com\/?page_id=772","og_locale":"fr_FR","og_type":"article","og_title":"\u00c9v\u00e9nementiel -","og_description":"Page en cours d&rsquo;\u00e9laboration, merci de votre compr\u00e9hension !","og_url":"https:\/\/elsa-millet.com\/?page_id=772","article_modified_time":"2022-12-23T15:55:49+00:00","og_image":[{"url":"https:\/\/elsa-millet.com\/wp-content\/uploads\/2022\/11\/evenementiel-768x149-1.png"}],"twitter_card":"summary_large_image","schema":{"@context":"https:\/\/schema.org","@graph":[{"@type":"WebPage","@id":"https:\/\/elsa-millet.com\/?page_id=772","url":"https:\/\/elsa-millet.com\/?page_id=772","name":"\u00c9v\u00e9nementiel -","isPartOf":{"@id":"https:\/\/elsa-millet.com\/#website"},"datePublished":"2013-07-17T10:16:25+00:00","dateModified":"2022-12-23T15:55:49+00:00","breadcrumb":{"@id":"https:\/\/elsa-millet.com\/?page_id=772#breadcrumb"},"inLanguage":"fr-FR","potentialAction":[{"@type":"ReadAction","target":["https:\/\/elsa-millet.com\/?page_id=772"]}]},{"@type":"BreadcrumbList","@id":"https:\/\/elsa-millet.com\/?page_id=772#breadcrumb","itemListElement":[{"@type":"ListItem","position":1,"name":"Accueil","item":"https:\/\/elsa-millet.com\/"},{"@type":"ListItem","position":2,"name":"\u00c9v\u00e9nementiel"}]},{"@type":"WebSite","@id":"https:\/\/elsa-millet.com\/#website","url":"https:\/\/elsa-millet.com\/","name":"Elsa Millet Enluminure","description":"","potentialAction":[{"@type":"SearchAction","target":{"@type":"EntryPoint","urlTemplate":"https:\/\/elsa-millet.com\/?s={search_term_string}"},"query-input":"required name=search_term_string"}],"inLanguage":"fr-FR"}]}},"_links":{"self":[{"href":"https:\/\/elsa-millet.com\/index.php?rest_route=\/wp\/v2\/pages\/772"}],"collection":[{"href":"https:\/\/elsa-millet.com\/index.php?rest_route=\/wp\/v2\/pages"}],"about":[{"href":"https:\/\/elsa-millet.com\/index.php?rest_route=\/wp\/v2\/types\/page"}],"author":[{"embeddable":true,"href":"https:\/\/elsa-millet.com\/index.php?rest_route=\/wp\/v2\/users\/4"}],"replies":[{"embeddable":true,"href":"https:\/\/elsa-millet.com\/index.php?rest_route=%2Fwp%2Fv2%2Fcomments&post=772"}],"version-history":[{"count":46,"href":"https:\/\/elsa-millet.com\/index.php?rest_route=\/wp\/v2\/pages\/772\/revisions"}],"predecessor-version":[{"id":2873,"href":"https:\/\/elsa-millet.com\/index.php?rest_route=\/wp\/v2\/pages\/772\/revisions\/2873"}],"wp:attachment":[{"href":"https:\/\/elsa-millet.com\/index.php?rest_route=%2Fwp%2Fv2%2Fmedia&parent=772"}],"curies":[{"name":"wp","href":"https:\/\/api.w.org\/{rel}","templated":true}]}}